*t + 11. Let o be y(-4). Suppose o*d - 16750 = -5958. What is the units digit of d?
8
What is the thousands digit of (-2)/(-7) - 16013388/(-714)?
2
What is the hundreds digit of (-12)/14 + 0 + (-31)/((-8029)/867872)?
3
Let s(h) = -2*h**3 + 6*h**2 - 20*h + 18. Let i be s(6). Let o = i - -1930. What is the thousands digit of o?
1
Suppose -33588 = -4*x - 2*i, 17*i - 18*i - 33606 = -4*x. What is the units digit of x?
0
Let m = 8051 - 6556. What is the units digit of m?
5
Suppose 6*b + 1 = 61. Suppose -5*y - 4*z + 2476 = 0, b*y + 3*z = 6*y + 1981. What is the hundreds digit of y?
4
Let z(g) = 46*g**2 - 38*g - 17. What is the thousands digit of z(-9)?
4
Let s be (-36)/(-10) - 2/(-5). Let k(x) be the first derivative of -x**4/4 + 2*x**3 - x**2 - 5*x + 248. What is the tens digit of k(s)?
1
Let o = 10 - 3. Suppose 0 = r - o + 18. Let b = r - -34. What is the tens digit of b?
2
Let f(v) be the second derivative of v**3/2 + 7*v**2/2 - 7*v. Let q be f(-8). Let z = q - -25. What is the units digit of z?
8
Let q = -314 - -310. What is the tens digit of 3/(q/(-530 - -2))?
9
Let n = 57290 + -26484. What is the tens digit of n?
0
Let o(b) = -1501*b - 386. What is the units digit of o(-3)?
7
Suppose 49 = 16*n - 15. Let f(m) = 0 + 1 - 6*m + 7*m**2 - 3*m**2. What is the units digit of f(n)?
1
Let l(d) = -3*d**2 - d + 67. Let w be l(0). Let z = w + -73. Let c(t) = 3*t**2 - 10*t - 10. What is the tens digit of c(z)?
5
Let h be (-1)/3*(-729)/9. Let u = -32 + h. Let m(o) = -24*o + 10. What is the units digit of m(u)?
0
Let p = -19729 - -47452. What is the hundreds digit of p?
7
Let t = -60 + 68. Suppose 0*w + 4*a = 2*w - 26, 2*a + t = 0. Suppose 0 = 4*u + w*l - 289, -3*l = -4*u + u + 183. What is the units digit of u?
6
Suppose -14*k + 15*k + 3*t - 3356 = 0, 2*k = 3*t + 6667. What is the thousands digit of k?
3
Suppose 5*v - 4*p = -45, 2*p - 3*p = 4*v + 36. What is the thousands digit of v/(54/30) - -1049?
1
Suppose -33*l + 28*l + 5305 = 0. Let t = -697 + l. What is the hundreds digit of t?
3
Let h(c) = 92*c**2 - 561*c - 10722. What is the hundreds digit of h(-20)?
2
Suppose 0 = -2*g + 4*u + 60, -4*g + 111 = 13*u - 12*u. Suppose 0 = g*z + 2550 - 10698. What is the units digit of z?
1
Let f(y) = 2*y**2 + 8. Let a be f(-15). Let m = a + -250. Let w = -133 + m. What is the tens digit of w?
7
Suppose -5*w - h - 72 = h, -5*w - 67 = -3*h. What is the hundreds digit of (-3 - -325)*w/(-14)?
3
Suppose -58*q - 25 = -19*q - 220. What is the units digit of q?
5
Let g(o) = -o**2 - 9*o - 17. Let i be g(-5). Suppose 0 = 3*u - i*d - 156, -u - 4*d + 15 = -22. What is the units digit of u?
9
Let k(y) = 5*y - 11. Let p = 16 - -15. What is the units digit of k(p)?
4
Suppose 9*b = 2*b + 1771. Suppose -2*q + 5*r = -b, -15*q - 521 = -19*q + 5*r. What is the hundreds digit of q?
1
Suppose -260 = 14*s + 51*s. What is the tens digit of -5 - (s + 5 + -482 - -1)?
7
Suppose -12*t - 280 = 2*t. What is the units digit of 890 + t/(-5 - -1) - 4?
1
Suppose -74 = -q - 4*l, -4*l - 33 = 2*q - 161. What is the tens digit of q?
5
Suppose -c - 42 = -120. Suppose 4*v + c = 2*v - 4*o, -4*o = 8. Let r = 26 - v. What is the units digit of r?
1
Let w = 11 + -6. Suppose w*h + 6*q - 2*q - 1408 = 0, 2*h - 4*q = 580. What is the tens digit of h?
8
Suppose 4*h - 5*h = -4*h. Let r be (-2)/11 + (h - (-1087)/(-11)). Let d = 224 + r. What is the units digit of d?
5
Suppose q - 2*g - 4468 = 0, -10 + 4 = -g. What is the units digit of q?
0
Let b = -250 - -53. Let t = b - -1100. What is the tens digit of t?
0
Suppose 15*m - 6*m - 18 = 0. Let u be m*(-3 + 646/4). Let o = -144 + u. What is the units digit of o?
3
Let d = 5677 + 28684. What is the thousands digit of d?
4
Let h(x) = 1868*x - 296. Let c be h(-6). What is the hundreds digit of 5*(c/(-40) - 4)?
4
Suppose 43*o = 1493 + 12. What is the units digit of o/(-25) - 18126/(-15)?
7
Let p(l) = 910*l**3 - 2*l**2 + 15*l - 56. What is the units digit of p(3)?
1
Let h(u) = -u**3 - 16*u**2 - 27*u + 17. Let l be h(-14). Suppose 0 = -2*p + 5*q + 923, -3*p = -8*p + l*q + 2317. What is the hundreds digit of p?
4
Let o(u) = 2*u**3 - 3*u**2 - 12*u + 17. Let q be o(4). Let p = q + -7. What is the tens digit of p?
4
Let o(y) = -578*y**3 - 32*y**2 - 143*y - 28. What is the tens digit of o(-4)?
2
Suppose 0 = -26*t + 261 - 235. Let h be (-1)/(3/(-27)) + 1. What is the tens digit of 26*5*t/h?
1
Let d(l) be the third derivative of 3*l**5/20 + l**4/24 - 7*l**3/6 + 23*l**2. Let w be d(-7). Let o = w - 225. What is the tens digit of o?
0
Let b = -39 - -81. Suppose -4*n + 520 = n. Let d = n - b. What is the tens digit of d?
6
Suppose -4*v - 3*d - 70557 = -184320, 3*v + d = 85316. What is the hundreds digit of v?
4
Let y(i) = 32*i**2 + 2. Let m(w) = -11 + 8*w**2 - 4*w**2 + 0*w**2 + 13 + 10*w. Let l be m(-2). What is the tens digit of y(l)?
3
Let n be (316/(-237))/(4/(-15)). Suppose -n*i - 5*l + 1801 = -3*l, -1440 = -4*i - 2*l. What is the tens digit of i?
6
Suppose -n + 769 = -2*g + 4*g, -1537 = -4*g - n. What is the hundreds digit of g?
3
Suppose 117 = a - 9*p + 7*p, 3*p = a - 114. Suppose -3 = 4*z - a. Let n = z - 2. What is the tens digit of n?
2
Suppose -g + 0 = -5, -5*f - 4*g + 171315 = 0. What is the hundreds digit of f?
2
Let f(x) = -x**2 - 4*x + 6. Let n be f(-4). Suppose 12 = -n*w + 36. Suppose -4*v - w*y + 236 = -0*v, y + 221 = 4*v. What is the units digit of v?
6
Suppose 11716*v - 197975 = 11691*v. What is the hundreds digit of v?
9
Suppose 7*b - 73 - 53 = 0. Suppose 3*l = 3*c + b, -c = 3*l - 5*l + 4. Let j = 10 + c. What is the units digit of j?
2
Let l be (0 - (-1)/(-6)) + 115/6. Suppose 0 = 20*n - l*n - 2. What is the hundreds digit of 3 + 0 - 1*(-114 + n)?
1
Let a be ((-45)/18)/((-10)/16). Let t(d) = 0*d**2 + a*d**2 - 18*d - 3*d - 10 + 2*d. What is the units digit of t(10)?
0
Let g = 73648 - 17047. What is the hundreds digit of g?
6
Let g be (-5 + 8/2)*-77. Suppose -2*i - 8229 = -5*i - 4*v, -3*i = -4*v - 8205. What is the tens digit of 6/14 + i/g?
3
Let y be (2/(-4))/(6/18)*-270. Suppose y = -5*v + 2185. What is the tens digit of v?
5
Let r = 0 + 0. Suppose 3*n + r = -6. What is the tens digit of (n + 87/(-2))/(5/(-20))?
8
What is the hundreds digit of ((-140)/3)/(12/(-900))?
5
Let l(d) = -501*d + 2265. What is the thousands digit of l(-16)?
0
Suppose -148*y + 140*y = -17496. Let o = 3364 - y. What is the hundreds digit of o?
1
Suppose 0*i + 356 = h - 2*i, 4*i - 1088 = -3*h. What is the units digit of 6/(12/20 + (-201)/h)?
4
Suppose 0 = -89*g + 179*g - 72*g. Let m(a) = -28*a - 2. Let y be m(-4). Suppose g*b + y = 2*p - 2*b, 3*b + 114 = 2*p. What is the tens digit of p?
5
Suppose -15758 = -3*i - 5*d + 99442, 38410 = i + 5*d. What is the tens digit of i?
9
Suppose -7*j + 58 = -75. Suppose 0 = -4*s + 3*l - 0*l - j, 20 = 4*l. What is the units digit of -1 - (-3 + 7)*s?
3
Let g = 15733 + 26270. What is the ten thousands digit of g?
4
Let x(h) = 19*h**2 - 48*h - 26. What is the thousands digit of x(-20)?
8
Let g(q) = -310*q + 8677. What is the units digit of g(-105)?
7
Let z(p) = 6*p + 36. Let u be z(-6). What is the units digit of 436 - -4*(u + (-3 - -2))?
2
Let f(j) = 1 + 1 - 31*j**2 + 34*j**2. Let h be f(-2). Suppose -12*c = -h*c + 134. What is the units digit of c?
7
Suppose 5*n - 289439 = 4*l, 164*l - 57891 = -n + 168*l. What is the hundreds digit of n?
8
Suppose -75*h + 73*h - 3*p = -7304, 0 = 4*h - p - 14580. What is the tens digit of h?
4
Let p(m) = 3*m**2 - 18*m + 28. Let n be p(4). What is the tens digit of ((-2266)/n - 8/(-2))*-2?
2
What is the tens digit of 2/(-4) - (182/65)/((-12)/39315)?
7
Let j = 72469 + -47287. Suppose 7*p = -11*p + j. What is the hundreds digit of p?
3
Suppose 354314 = 47*p - 100928. What is the tens digit of p?
8
Let q = 36 - 27. Suppose -q*o - 12 = -30. Suppose -5*f = 3*n - 614, -3 = -o*f - f. What is the hundreds digit of n?
2
Let p(g) = -117*g - 170. Let c be p(-6). What is the units digit of ((-982)/(-7))/(76/c)?
2
What is the tens digit of (-2)/20 + 1745674/140 + (-40)/(-4)?
7
Let b(f) = -6*f**3 + f**2 - 5*f - 36. Let n(i) = -4*i**3 + i**2 - 7*i - 35. Let d(g) = 6*b(g) - 5*n(g). What is the tens digit of d(-5)?
5
Let x(t) = t**2 + 20*t + 66. Let f be x(-16). Suppose k = -f*d + 3*k + 176, 4*k - 285 = -3*d. What is the tens digit of d?
9
Suppo